se 14.
-3ac8
343e (base 15) to base 10
11084
1918 (base 13) to base 6
25151
What is 75264 (base 9) in base 3?
2112022011
What is 12043 (base 6) in base 11?
1356
Convert 1396 (base 12) to base 10.
2274
a891 (base 11) to base 10
14378
Convert -6a68 (base 13) to base 2.
-11101001101110
Convert 30633 (base 7) to base 15.
2366
What is 613 (base 15) in base 6?
10200
Convert 725 (base 10) to base 15.
335
Convert 2202 (base 10) to base 14.
b34
2438 (base 11) to base 8
6163
What is 17846 (base 10) in base 6?
214342
-100231 (base 4) to base 11
-892
Convert ba3 (base 12) to base 11.
1312
-12102012 (base 3) to base 9
-5365
Convert -5268 (base 10) to base 6.
-40220
Convert -631 (base 9) to base 10.
-514
-f62 (base 16) to base 13
-1a3c
Convert 2410 (base 7) to base 3.
1012221
Convert 174 (base 15) to base 7.
655
-23020 (base 5) to base 4
-121203
What is 35003 (base 6) in base 7?
20331
2278 (base 13) to base 8
11337
1011001011011100 (base 2) to base 4
23023130
14201 (base 6) to base 8
4271
5bb (base 15) to base 5
20201
Convert -12010 (base 4) to base 9.
-471
Convert -11422 (base 5) to base 12.
-5ba
Convert -7a (base 16) to base 6.
-322
What is -10420 (base 6) in base 14?
-75a
3054 (base 7) to base 4
100230
-b063 (base 12) to base 16
-4a8b
165d (base 15) to base 3
20121021
Convert a67 (base 11) to base 16.
503
What is 1111110111 (base 2) in base 12?
707
Convert -15030 (base 6) to base 3.
-10021200
1a29 (base 12) to base 14
1249
-111111100101 (base 2) to base 14
-16a9
Convert -10406 (base 7) to base 8.
-5053
2aa (base 12) to base 3
120111
What is -10011001101110 (base 2) in base 7?
-40453
2221132 (base 4) to base 7
43423
-22130 (base 8) to base 14
-3568
Convert -973 (base 14) to base 7.
-5303
10453 (base 12) to base 10
21375
-20022222 (base 3) to base 14
-197a
43235 (base 11) to base 16
f575
What is -112072 (base 9) in base 16?
-1063d
Convert 1111011 (base 2) to base 16.
7b
101 (base 5) to base 4
122
Convert -3998 (base 10) to base 6.
-30302
11100330 (base 4) to base 11
15224
Convert 189 (base 10) to base 4.
2331
Convert 2300 (base 9) to base 16.
6a5
Convert -1c7a0 (base 15) to base 11.
-6383a
What is 10101010111 (base 2) in base 13?
812
-171 (base 14) to base 5
-2140
Convert 25505 (base 6) to base 11.
2997
-1006a (base 16) to base 12
-31ba2
What is 11257 (base 9) in base 6?
54424
-21c (base 15) to base 13
-2a9
Convert -2755 (base 9) to base 10.
-2075
What is 1330 (base 5) in base 14?
115
What is 133104 (base 5) in base 13?
25c9
-2734 (base 8) to base 3
-2001120
What is 8ac (base 13) in base 14?
78a
-5233 (base 6) to base 10
-1173
What is 22121 (base 3) in base 8?
350
Convert 2212321 (base 4) to base 15.
3271
489 (base 13) to base 4
30111
-766 (base 10) to base 3
-1001101
What is -110223 (base 4) in base 11?
-aa3
340220 (base 6) to base 8
67664
-351 (base 9) to base 7
-562
Convert -a1 (base 12) to base 13.
-94
Convert -23b1 (base 14) to base 9.
-8483
-174 (base 15) to base 3
-110101
Convert 22200 (base 3) to base 8.
352
6845 (base 10) to base 11
5163
Convert 26b (base 12) to base 5.
2441
What is 11344 (base 6) in base 5?
23043
Convert -263356 (base 7) to base 9.
-74477
What is 12b5 (base 12) in base 6?
13545
Convert 17048 (base 12) to base 15.
9b28
What is cf99 (base 16) in base 15?
10b30
-1010110010111 (base 2) to base 15
-1987
b33 (base 16) to base 9
3835
Convert 22c6 (base 16) to base 2.
10001011000110
142442 (base 6) to base 12
7a22
9671 (base 12) to base 13
7684
-1660 (base 8) to base 15
-42e
Convert 407 (base 9) to base 13.
1c6
Convert 1d1 (base 15) to base 7.
1141
3133 (base 5) to base 14
21c
Convert -13030 (base 4) to base 16.
-1cc
What is 5562 (base 7) in base 4?
133110
Convert 120202222 (base 3) to base 6.
125125
12230301 (base 4) to base 6
331013
Convert 157 (base 13) to base 14.
133
Convert -151 (base 15) to base 6.
-1221
What is b95 (base 15) in base 13?
1262
What is 141 (base 5) in base 11?
42
Convert 154 (base 9) to base 15.
8a
-1d1 (base 15) to base 7
-1141
Convert -4044 (base 6) to base 16.
-37c
Convert -3112210 (base 4) to base 15.
-4107
Convert ddc (base 16) to base 11.
2736
What is 569 (base 12) in base 15?
386
-144052 (base 6) to base 9
-21005
1355 (base 6) to base 15
18e
210122021 (base 3) to base 10
15775
174 (base 9) to base 10
148
What is -13041 (base 5) in base 8?
-1775
What is 1341 (base 7) in base 4?
20013
-365c (base 13) to base 5
-221212
What is -1021021222 (base 3) in base 5?
-1300001
Convert 10011010110111100 (base 2) to base 16.
135bc
11301 (base 4) to base 6
1413
-120022 (base 3) to base 6
-1525
What is -104b (base 14) in base 10?
-2811
2a5 (base 16) to base 12
485
-870d (base 16) to base 3
-1202102111
Convert 182 (base 12) to base 11.
200
Convert -3123313 (base 4) to base 5.
-422241
-414 (base 11) to base 16
-1f3
What is 1010101010 (base 2) in base 9?
837
379 (base 13) to base 3
211111
What is -4598 (base 10) in base 5?
-121343
What is -296 (base 11) in base 4?
-11123
312101 (base 4) to base 15
1068
Convert 2674 (base 11) to base 7.
13054
-10013 (base 4) to base 10
-263
207 (base 14) to base 15
1b9
Convert 20120200 (base 3) to base 8.
11275
be03 (base 15) to base 14
10970
Convert 2248 (base 9) to base 4.
122000
Convert -151 (base 12) to base 13.
-12a
What is -1553 (base 10) in base 12?
-a95
-180 (base 13) to base 15
-133
Convert -6b20 (base 15) to base 9.
-34183
-25043 (base 6) to base 4
-321303
What is 1197a (base 14) in base 9?
65023
Convert -201011 (base 6) to base 10.
-15775
What is 20020122 (base 3) in base 15?
1538
What is -20534 (base 7) in base 10?
-5072
6423 (base 15) to base 5
1134213
What is -127356 (base 8) in base 12?
-21aba
What is 294 (base 16) in base 11?
550
48 (base 12) to base 6
132
101100000001100 (base 2) to base 16
580c
What is -305552 (base 6) in base 9?
-36685
What is 640 (base 10) in base 5?
10030
What is -557 (base 8) in base 14?
-1c3
ebbb (base 16) to base 13
21611
What is 6373 (base 8) in base 15?
eb8
Convert -506 (base 13) to base 15.
-3bb
-80782 (base 10) to base 12
-3a8ba
Convert 15707 (base 9) to base 2.
10101000011100
-352450 (base 6) to base 13
-10ac7
What is 17408 (base 9) in base 5?
340441
4467 (base 10) to base 6
32403
617 (base 10) to base 8
1151
What is -2bd9 (base 14) in base 9?
-11665
What is -a47 (base 12) in base 8?
-2727
-4641 (base 7) to base 2
-11010011111
What is 12001 (base 3) in base 8?
210
What is 410 (base 8) in base 13?
174
-1668 (base 16) to base 6
-42320
-11430 (base 5) to base 7
-2344
What is 7334 (base 10) in base 7?
30245
-7070 (base 9) to base 2
-1010000101110
-1121444 (base 6) to base 8
-160104
2d2d (base 15) to base 4
2113312
-862 (base 14) to base 10
-1654
What is 2111 (base 5) in base 14?
161
-9b31 (base 12) to base 5
-1022143
Convert 2342 (base 12) to base 5.
111223
What is -10021100 (base 3) in base 13?
-1116
Convert -217 (base 10) to base 2.
-11011001
What is -300001 (base 4) in base 11?
-2344
What is 5322 (base 10) in base 3?
21022010
Convert -3213 (base 7) to base 2.
-10001110001
What is 2110320 (base 5) in base 6?
430233
What is -184 (base 16) in base 9?
-471
-119 (base 16) to base 15
-13b
-142 (base 5) to base 7
-65
What is -588 (base 15) in base 12?
-885
What is 36a2 (base 11) in base 4?
1023133
Convert 1102222 (base 3) to base 2.
10000011100
10010001111001000 (base 2) to base 12
37288
What is -c20 (base 15) in base 13?
-1320
1501 (base 7) to base 16
24d
Convert -5751 (base 9) to base 10.
-4258
What is -2202111 (base 3) in base 8?
-3733
What is -121010 (base 3) in base 12?
-303
What is -20952 (base 10) in base 12?
-10160
14040 (base 5) to base 12
7b5
-6a95 (base 13) to base 5
-434434
-220203 (base 4) to base 16
-a23
Convert -20022 (base 5) to base 8.
-2356
8603 (base 12) to base 7
60555
What is 1100111110110 (base 2) in base 13?
3043
What is 10000000111 (base 2) in base 12?
71b
Convert -1001100011 (base 2) to base 4.
-21203
-3235 (base 7) to base 10
-1153
101110 (base 3) to base 11
237
Convert -2477 (base 9) to base 13.
-ac6
7580 (base 9) to base 11
4213
What is 5aa3 (base 14) in base 7?
64063
Convert -1000110110100 (base 2) to base 13.
-20a8
Convert 865c (base 14) to base 11.
16490
What is -17a9 (base 16) in base 13?
-29ac
What is 16616 (base 9) in base 14?
424c
Convert 269 (base 11) to base 6.
1245
What is 10102212 (base 3) in base 9?
3385
What is 11